base 15
-7
What is -10000111 (base 2) in base 6?
-343
What is 9 (base 13) in base 9?
10
What is -10 (base 7) in base 14?
-7
Convert -62 (base 11) to base 13.
-53
Convert -39 (base 11) to base 7.
-60
What is -10 (base 8) in base 12?
-8
-41 (base 7) to base 13
-23
What is -15 (base 14) in base 6?
-31
Convert 220 (base 4) to base 9.
44
73 (base 14) to base 4
1211
What is 2 (base 10) in base 2?
10
17 (base 16) to base 3
212
10001 (base 2) to base 10
17
Convert -131 (base 5) to base 10.
-41
0 (base 8) to base 10
0
Convert -13 (base 7) to base 16.
-a
What is 65 (base 13) in base 12?
6b
What is -35 (base 14) in base 8?
-57
What is -7 (base 11) in base 16?
-7
Convert -31 (base 6) to base 15.
-14
1120 (base 4) to base 7
154
1 (base 7) to base 15
1
-1 (base 15) to base 2
-1
-11 (base 4) to base 15
-5
Convert -2 (base 4) to base 7.
-2
Convert -14 (base 12) to base 3.
-121
63 (base 12) to base 2
1001011
Convert 4 (base 10) to base 2.
100
Convert 12 (base 14) to base 15.
11
What is -43 (base 12) in base 8?
-63
-b (base 15) to base 4
-23
What is 32 (base 16) in base 11?
46
What is 29 (base 13) in base 12?
2b
What is 0 (base 5) in base 16?
0
-1 (base 12) to base 10
-1
Convert -2 (base 8) to base 3.
-2
-36 (base 16) to base 2
-110110
Convert -109 (base 10) to base 13.
-85
Convert 115 (base 7) to base 16.
3d
What is 23 (base 13) in base 14?
21
330 (base 6) to base 10
126
What is -64 (base 10) in base 8?
-100
Convert 10 (base 3) to base 11.
3
Convert -1 (base 8) to base 2.
-1
Convert 1 (base 4) to base 16.
1
0 (base 10) to base 4
0
-4 (base 10) to base 2
-100
-11 (base 8) to base 2
-1001
Convert 41 (base 5) to base 7.
30
-110 (base 3) to base 9
-13
3 (base 6) to base 9
3
26 (base 12) to base 13
24
Convert -2 (base 3) to base 13.
-2
214 (base 8) to base 2
10001100
Convert 40 (base 12) to base 10.
48
What is 2 (base 15) in base 9?
2
-12 (base 5) to base 12
-7
What is -314 (base 9) in base 13?
-169
-6 (base 14) to base 8
-6
What is 100010111 (base 2) in base 4?
10113
Convert 25 (base 7) to base 14.
15
Convert 91 (base 11) to base 6.
244
5 (base 11) to base 9
5
What is -1 (base 13) in base 12?
-1
What is -4 (base 5) in base 7?
-4
Convert 40 (base 13) to base 15.
37
Convert -9 (base 14) to base 15.
-9
Convert 1 (base 6) to base 4.
1
-27 (base 10) to base 15
-1c
Convert -15 (base 14) to base 9.
-21
30 (base 6) to base 12
16
Convert -2 (base 16) to base 2.
-10
-132 (base 8) to base 7
-156
What is 12001 (base 3) in base 4?
2020
What is -12122 (base 3) in base 10?
-152
What is 111010 (base 2) in base 9?
64
-15 (base 14) to base 7
-25
What is 2 (base 16) in base 12?
2
Convert -5 (base 13) to base 12.
-5
-11111000 (base 2) to base 3
-100012
Convert 0 (base 8) to base 2.
0
31 (base 4) to base 13
10
What is -6 (base 7) in base 4?
-12
0 (base 4) to base 9
0
What is 1c (base 16) in base 3?
1001
Convert 169 (base 13) to base 2.
100000000
Convert -15 (base 9) to base 15.
-e
-d7 (base 14) to base 10
-189
5 (base 11) to base 2
101
Convert -2 (base 15) to base 2.
-10
What is 2 (base 3) in base 5?
2
-7 (base 16) to base 4
-13
21 (base 6) to base 12
11
What is 6 (base 13) in base 5?
11
Convert -42 (base 6) to base 3.
-222
Convert -30 (base 7) to base 3.
-210
What is 32 (base 16) in base 14?
38
-31 (base 10) to base 12
-27
What is 4 (base 8) in base 10?
4
-7 (base 8) to base 3
-21
What is -1000100 (base 2) in base 11?
-62
What is 1a (base 16) in base 12?
22
Convert 35 (base 8) to base 14.
21
Convert 244 (base 6) to base 7.
202
2 (base 10) to base 16
2
-21 (base 3) to base 15
-7
What is 110010 (base 2) in base 13?
3b
1 (base 14) to base 9
1
0 (base 4) to base 8
0
Convert 111 (base 2) to base 14.
7
Convert -2 (base 16) to base 13.
-2
-82 (base 16) to base 12
-aa
What is 1011110 (base 2) in base 6?
234
-e (base 15) to base 2
-1110
What is -22 (base 3) in base 2?
-1000
What is -22 (base 14) in base 8?
-36
What is -15 (base 16) in base 13?
-18
Convert 31 (base 4) to base 3.
111
Convert -97 (base 10) to base 13.
-76
What is -154 (base 6) in base 8?
-106
82 (base 13) to base 10
106
What is 202 (base 11) in base 7?
466
What is 10 (base 9) in base 4?
21
Convert -4 (base 8) to base 12.
-4
What is 18 (base 12) in base 6?
32
-1 (base 9) to base 7
-1
-19 (base 15) to base 12
-20
-24 (base 5) to base 10
-14
4 (base 6) to base 8
4
Convert -11 (base 9) to base 15.
-a
11 (base 3) to base 8
4
Convert -1021 (base 3) to base 13.
-28
What is 4 (base 13) in base 11?
4
What is -40 (base 11) in base 7?
-62
What is a (base 11) in base 4?
22
Convert -6 (base 16) to base 9.
-6
226 (base 7) to base 2
1110110
11 (base 3) to base 13
4
What is 1 (base 14) in base 11?
1
-5 (base 6) to base 14
-5
What is 8 (base 13) in base 11?
8
134 (base 6) to base 4
322
Convert -3 (base 6) to base 14.
-3
What is 4 (base 14) in base 3?
11
Convert -1011 (base 2) to base 3.
-102
23 (base 8) to base 5
34
-2 (base 10) to base 3
-2
-29 (base 10) to base 12
-25
What is 12 (base 11) in base 7?
16
-7 (base 9) to base 2
-111
Convert -565 (base 7) to base 12.
-204
What is 8 (base 15) in base 2?
1000
1 (base 5) to base 12
1
What is 12 (base 10) in base 8?
14
-61 (base 13) to base 7
-142
What is 6 (base 10) in base 4?
12
What is -b (base 14) in base 5?
-21
Convert 2 (base 3) to base 12.
2
-9 (base 12) to base 16
-9
4 (base 11) to base 9
4
What is 1b (base 16) in base 3?
1000
-2 (base 3) to base 12
-2
-a (base 11) to base 9
-11
What is -133 (base 4) in base 12?
-27
Convert 1 (base 13) to base 7.
1
What is 202 (base 3) in base 15?
15
What is 1001 (base 2) in base 11?
9
What is -3 (base 6) in base 8?
-3
What is 1011 (base 4) in base 15?
49
What is 11 (base 15) in base 7?
22
What is -13 (base 15) in base 10?
-18
Convert e (base 15) to base 13.
11
What is 233 (base 4) in base 15?
32
26 (base 7) to base 10
20
What is 6 (base 8) in base 9?
6
What is 3 (base 6) in base 15?
3
What is 32 (base 4) in base 6?
22
What is -30 (base 9) in base 5?
-102
Convert -1 (base 4) to base 5.
-1
Convert -10 (base 3) to base 13.
-3
31 (base 8) to base 14
1b
6 (base 10) to base 8
6
Convert d (base 16) to base 8.
15
Convert 5 (base 12) to base 4.
11
What is -33 (base 4) in base 9?
-16
Convert 0 (base 8) to base 9.
0
Convert 12 (base 15) to base 16.
11
3 (base 5) to base 9
3
What is 110 (base 2) in base 9?
6
2 (base 3) to base 12
2
Convert -23 (base 7) to base 11.
-16
Convert -1 (base 2) to base 4.
-1
What is -3 (base 12) in base 3?
-10
What is 105 (base 10) in base 14?
77
What is 222 (base 3) in base 9?
28
-1 (base 8) to base 4
-1
What is 104 (base 7) in base 13?
41
Convert 4 (base 12) to base 9.
4
What is 3 (base 16) in base 12?
3
-21 (base 4) to base 16
-9
-101020 (base 3) to base 6
-1140
-1 (base 9) to base 7
-1
-2 (base 3) to base 13
-2
What is 3 (base 8) in base 6?
3
What is 111 (base 2) in base 6?
11
-44 (base 9) to base 15
-2a
What is -2 (base 8) in base 5?
-2
Convert 230 (base 4) to base 13.
35
What is -111 (base 3) in base 10?
-13
Convert 23 (base 9) to base 15.
16
What is 0 (base 16) in base 4?
0
-53 (base 9) to base 2
-110000
What is -2 (base 7) in base 10?
-2
-21 (base 13) to base 6
-43
What is 149 (base 13) in base 4?
3212
What is -3 (base 5) in base 2?
-11
What is -333 (base 5) in base 16?
-5d
What is -71 (base 9) in base 12?
-54
What is 168 (base 9) in base 7?
263
-27 (base 8) to base 6
-35
Convert 48 (base 14) to base 5.
224
3 (base 16) to base 15
3
Convert -23 (base 4) to base 11.
-10
What is 31 (base 14) in base 9?
47
What is -3 (base 10) in base 11?
-3
-a9 (base 13) to base 3
-12011
Convert -7 (base 14) to base 10.
-7
What is 14 (base 13) in base 8?
21
What is 10 (base 2) in base 6?
2
-14 (base 12) to base 3
-121
2002 (base 4) to base 15
8a
-192 (base 11) to base 7
-435
Convert 1 (base 4) to base 13.
1
18 (base 10) to base 3
200
102 (base 9) to base 14
5d
-11010100 (base 2) to base 5
-1322
Convert 15 (base 8) to base 7.
16
3 (base 8) to base 12
3
Convert 2 (base 15) to base 14.
2
Convert -17 (base 8) to base 15.
-10
Convert -2 (base 7) to base 16.
-2
What is 61 (base 16) in base 2?
1100001
Convert 4 (base 5) to base 12.
4
What is -1 (base 15) in base 6?
-1
What is -c (base 14) in base 10?
-12
Convert 14 (base 9) to base 6.
21
What is -5 (base 13) in base 7?
-5
What is 1001 (base 2) in base 10?
9
-11 (base 14) to base 8
-17
What is -302 (base 4) in